ided by s?
28
Let w = -22154 + 22504. What is the remainder when w is divided by 29?
2
Let q(u) = 10*u**2 - 17*u - 2. Let y be q(6). Suppose 0 = -5*g + 4*s + 447, y = 3*g - s - 8. What is the remainder when g is divided by 32?
23
What is the remainder when 11/(-22) + (-39644)/(-88) is divided by 295?
155
Let g(v) = v**2 - 41*v + 31. What is the remainder when 174 is divided by g(42)?
28
Let s(a) = -51*a - 645. Calculate the remainder when 1035 is divided by s(-13).
9
Let q(g) = 4*g**2 - 197*g + 4307. What is the remainder when 2518 is divided by q(37)?
24
Suppose 4*o - 5*o + 29 = 0. Let d(f) = -2*f**3 - 4*f**2 + f. Calculate the remainder when d(-4) is divided by o.
2
Let f = -695 + 1040. Suppose 0 = -6*m + f + 105. Suppose -3*l + m = 15. Calculate the remainder when 39 is divided by l.
19
Suppose -50*t + 54*t - 2*b - 2288 = 0, 4*b = -5*t + 2925. Suppose -5*s + 305 = -3*r, 2*r + 2*r = -s + 38. What is the remainder when t is divided by s?
55
Let n = -1904 - -1947. Calculate the remainder when 78 is divided by n.
35
Let d = 3034 + -2941. What is the remainder when 824 is divided by d?
80
Let c = -877 - -1653. Let t = 879 - c. What is the remainder when t is divided by 1*-2*(-63)/6?
19
Let d = 88 - 83. Suppose 5*p + 2*a - 244 = 0, 3*a + 0*a = d*p - 234. Calculate the remainder when p is divided by 26.
22
Let r(m) = -m + 4. Let a be r(0). Suppose a*k - 2*w - w - 307 = 0, 4 = -4*w. Let g = k + -57. What is the remainder when g is divided by 7?
5
Let p(f) = 3*f - 35. Let j be p(7). Let u(y) = 50*y + 18. Let k be u(j). What is the remainder when 155 is divided by 40/(-340) - k/17?
35
Suppose 6 - 26 = -2*d. Let g(k) = 2*k. Let t(m) = 11*m + 19. Let q(j) = -6*g(j) + t(j). What is the remainder when q(6) is divided by d?
3
Let j = -7817 - -9455. What is the remainder when j is divided by 39?
0
Suppose 7*k + 90*k - 2920 = -592. What is the remainder when 166/((1 + 0)/1) is divided by k?
22
Suppose 20*l - 395 = -1515. Calculate the remainder when 82 is divided by (-7 + l)*10/(-35).
10
Let y be 4/2 - (-3)/1. Suppose -5*v + 24 = 9. Calculate the remainder when (-3)/(6*y/(-80)) is divided by v.
2
Suppose 6 - 60 = 2*x. Let g(p) = p**2 - 3*p + 6. What is the remainder when g(5) is divided by (x/(-6))/(-9)*-10?
1
Let c = -2303 + 2461. Let g = 1 - -6. Calculate the remainder when c is divided by g.
4
Let r(n) = n**3 + 14*n**2 - 2*n - 3. Let i be r(-14). Let x = i + -6. Calculate the remainder when x is divided by 68/7 + 12/42.
9
Suppose -11*u - 1575 = 383. Let h = 183 + u. What is the remainder when ((-4)/(-4))/((-1)/(-8)) is divided by h?
3
Suppose -15 = 3*k - 120. Let m = 14741 - 14428. Calculate the remainder when m is divided by k.
33
Let w(q) = q**3 - q**2 + q + 9. Let t(j) = 0*j**3 - 7 + 14 + j**3 - 3*j. What is the remainder when t(3) is divided by w(0)?
7
Suppose 14*k = 8*k + 15*k - 54. What is the remainder when 86 is divided by k?
2
Let d = -66 - -62. Let r be ((-56)/(-3))/(1/24*d). Let g = -67 - r. What is the remainder when g is divided by 26?
19
Suppose 10*a + 97 = 19*a - 8*a. Calculate the remainder when 255 is divided by a.
61
Let y(p) = -p**3 - 8*p**2 - 34*p + 39. Calculate the remainder when y(-7) is divided by 130.
98
Suppose 0 = v - 134 + 96. Suppose v = x - 1. What is the remainder when x is divided by 9?
3
Suppose -3*k - 2*z = -0*z + 14, k - 2*z + 10 = 0. Let h = -1 - -3. What is the remainder when (-70)/k + (168/18)/7 is divided by h?
1
Suppose 2*i = 20 + 60. Let t = i - -16. Let u = -52 + t. What is the remainder when 6 is divided by u?
2
Suppose -3*v + 3 = 3*k, 3*k - v + 0*v = 7. Suppose -31 + 3 = -4*p + k*o, 4*p - 28 = -o. Calculate the remainder when 20 is divided by p.
6
Suppose -89*j - 163108 = -447641. Calculate the remainder when j is divided by 13.
12
Let b = 101 - 304. Let c = b + 216. What is the remainder when 44 is divided by c?
5
Let p = 72 - 42. Suppose -4*f + p = f. Suppose 31 - 116 = -5*v - m, 5*m = 25. Calculate the remainder when v is divided by f.
4
Suppose -28*d + 1784 + 12808 = 36*d. Calculate the remainder when 1032 is divided by d.
120
Let s(q) = 2*q**3 + 34*q**2 - 7*q + 4. Let n be s(-17). Let b = n - 86. What is the remainder when 106 is divided by b?
32
Let o = -185 - -365. Let g(w) = -10*w + 8. Let t be g(1). What is the remainder when o is divided by 2*(-49)/14*t?
12
Let r = 4115 + -4003. What is the remainder when 892 is divided by r?
108
Let p(l) = -8*l**2 - 40*l + 16. Calculate the remainder when 716 is divided by p(-5).
12
Let f = 10947 - 10931. What is the remainder when 3755 is divided by f?
11
Suppose -3691*m + 3688*m + 9 = 0. Suppose -m*n + d + 142 = 0, -26 + 123 = 2*n - 3*d. What is the remainder when 72 is divided by n?
25
Suppose -5*t + 7886 = -6835 + 1091. Calculate the remainder when t is divided by 130.
126
Let t = -22997 + 24052. Calculate the remainder when 4236 is divided by t.
16
What is the remainder when 732 is divided by -9*(-260)/180 - -184?
141
Let f(l) = -l**3 + 9*l**2 - 17*l + 31. Suppose -3*u + 1 = -2*t, -5*t + 3*u + 55 = 7*u. Let i = 47 + -28. What is the remainder when i is divided by f(t)?
9
Suppose 6*a - 138 - 240 = 0. Suppose a*d = 75*d - 828. What is the remainder when d is divided by 39?
30
What is the remainder when 189 is divided by ((-451)/33 + 14)*60?
9
Suppose 37*n - 94 = 17. Let x(p) = -p**3 + 10*p**2 + 11*p. Let a be x(11). Suppose n*v + 2 - 14 = a. What is the remainder when 4 is divided by v?
0
Suppose 0 = 68*f - 78*f + 30. Suppose 3*b - 5*b + 11 = -h, f*b - 2*h - 14 = 0. Calculate the remainder when 58 is divided by b.
2
Suppose -4*p + y = -14 - 39, 0 = y + 1. Suppose -12*c + 11 = -p. Suppose 60 = c*o - 62. Calculate the remainder when o is divided by 8.
5
Suppose -4*r - 3*g = -135, -3*r - g - 3*g + 110 = 0. Suppose -3*o - 346 = -2*f, -3*f + 525 = 7*o - 10*o. Calculate the remainder when f is divided by r.
29
Suppose -370 - 998 = -9*u. What is the remainder when u is divided by 20?
12
Suppose 0 = -5*n - 58 - 132. Let b = 41 + n. Suppose -4*j = -b*j - 7. What is the remainder when 13 is divided by j?
6
Let n(z) = z**2 - z + 15. What is the remainder when 2/(28/(-42) + (-292)/(-420)) is divided by n(0)?
10
What is the remainder when (1*(1 + -2))/((-136)/489192) is divided by 80?
77
Calculate the remainder when 279 is divided by -30 + 102 + (-120)/8.
51
Suppose 3*a = x + 17, -3*x - 37 = -3*a + 2*x. Suppose -2*z + 5*f + 85 = 0, -6*f = -a*z - 4*f + 162. Calculate the remainder when 76 is divided by z.
36
Let y(z) = -109*z - 169. What is the remainder when 2211 is divided by y(-3)?
157
Let t be (-9)/45 - 29920/25. What is the remainder when (t/(-285))/((-6)/(-100)) is divided by 18?
16
Let u = 235 + -129. Let z = 185 - 102. Suppose -2*w = 2*v - 50, 0*v = 3*v - w - z. Calculate the remainder when u is divided by v.
25
Let s(a) = -50*a + 3. Let w(z) = z**3 + 4*z**2 - z - 5. Let j be w(-4). What is the remainder when s(j) is divided by 18?
17
Let d(o) = -69*o + 5538. What is the remainder when d(33) is divided by 192?
189
Let s(g) = -g**2 - 4*g + 10. Let o be s(-5). Suppose 5*l = 5, -1232 = -o*r + 27*l - 24*l. Calculate the remainder when r is divided by 62.
61
Let y = 10412 - 10002. Calculate the remainder when y is divided by 10.
0
Let j(z) = -z**2 + 14*z + 12. Let c be (-2 - (-9)/6) + (-45)/10. Let u(b) = b**2 + 4*b + 6. Let a be u(c). Calculate the remainder when j(a) is divided by 17.
11
What is the remainder when 8368 is divided by (-565)/(-21) - (12 + -24 + (-750)/(-63))?
25
Suppose -3*r + 3*j + 9 = 0, 0 = -0*r - 3*r - 3*j - 3. Let y be -42 - (2 + -1)/(r/2). Let u = y + 89. What is the remainder when u is divided by 16?
13
Suppose 12*p + 8*p - 20 = 0. Suppose -2*g + 7 = p. Calculate the remainder when 54 is divided by (g + -1)*(-5 - (-195)/10).
25
Suppose 495 = -4*s + 2*j + 1637, -4*j = s - 272. Calculate the remainder when s is divided by 185.
99
Let c be (-1 - (-20)/28) + 561/(-21). What is the remainder when 59 is divided by (-3604)/(-306) + (-2)/c*3?
11
Let r be 4/(-10) - (-12)/(-20). Let x be 146/4 - r/2. Suppose -x = 5*l - 5*k - 132, -3*l + 55 = -4*k. Calculate the remainder when 41 is divided by l.
20
Let l(x) = x**3 - 6*x**2 + 6*x + 5. Suppose 3*a = -2*t + 92, 2*a = -3*t - 3*a + 136. Suppose 0 = 8*p + 4 - t. Calculate the remainder when l(5) is divided by p.